s 57243855269 a composite number?
False
Is 65364241 prime?
True
Is 45707676019 a prime number?
True
Is 2723419267 composite?
True
Is 168618613 prime?
False
Is 10002885553 a composite number?
False
Is 6130435897 prime?
False
Is 182771833 prime?
False
Is 66220074989 a prime number?
True
Is 1176224873 a prime number?
False
Is 22780728017 prime?
False
Is 8148367271 composite?
True
Is 6483829433 composite?
True
Is 3628546751 prime?
True
Is 2951061187 prime?
True
Is 1609671221 a composite number?
False
Is 1174572899 a composite number?
False
Is 24557124337 composite?
False
Is 2520264577 a composite number?
False
Is 4294691699 a composite number?
True
Is 56822298041 prime?
False
Is 15427455221 prime?
True
Is 213967709 a composite number?
True
Is 26685520229 prime?
True
Is 8365895053 a prime number?
True
Is 598067111 a composite number?
True
Is 5597950263 a composite number?
True
Is 7334713213 composite?
True
Is 12900126455 a composite number?
True
Is 231118903 a prime number?
True
Is 646349927 prime?
False
Is 522978512107 composite?
True
Is 32465121277 composite?
False
Is 18167909387 a prime number?
True
Is 5810906951 a prime number?
False
Is 3373789711 a composite number?
False
Is 56538647569 a composite number?
False
Is 3250801451 prime?
False
Is 15754169471 prime?
True
Is 1353863723 prime?
True
Is 23131975459 a composite number?
True
Is 21848573473 prime?
True
Is 22349534981 a prime number?
True
Is 2459159033 a composite number?
True
Is 465403913 prime?
False
Is 290505277 a composite number?
True
Is 107543828617 prime?
True
Is 8737692859 composite?
True
Is 12904271517 a prime number?
False
Is 522166403 a prime number?
False
Is 7906777001 composite?
True
Is 20028060241 a prime number?
False
Is 4765882207 a prime number?
True
Is 2096678473 a composite number?
True
Is 3828159241 a composite number?
True
Is 688425446 prime?
False
Is 47593261873 composite?
False
Is 19181077603 prime?
True
Is 749388019 composite?
False
Is 116700800681 composite?
False
Is 15976652543 a prime number?
True
Is 574044935 composite?
True
Is 15371730487 composite?
False
Is 1118534401 a composite number?
False
Is 3171552859 composite?
True
Is 59510087183 a prime number?
True
Is 434925763 prime?
True
Is 542433499 composite?
True
Is 848931485 a prime number?
False
Is 80780078585 a prime number?
False
Is 1544066441 a composite number?
False
Is 3490645267 prime?
True
Is 27495491 prime?
True
Is 3012084239 a prime number?
False
Is 10203945637 prime?
True
Is 29800867 a composite number?
True
Is 279326339 composite?
False
Is 5593940453 a prime number?
False
Is 14145062777 a prime number?
True
Is 15695012987 a prime number?
False
Is 2850432059 prime?
True
Is 7234395485 prime?
False
Is 1179092218 composite?
True
Is 272671501 a composite number?
False
Is 73716640391 composite?
False
Is 732926263 a prime number?
True
Is 4071578011 prime?
True
Is 68551787801 composite?
True
Is 116103067 prime?
True
Is 403409813 a prime number?
False
Is 2879459197 prime?
False
Is 615420271 a composite number?
False
Is 48061483477 prime?
False
Is 739591003 a prime number?
True
Is 665207105 a composite number?
True
Is 91355456323 prime?
True
Is 1113875093 prime?
True
Is 3473073811 composite?
True
Is 4165695601 composite?
True
Is 1426717601 composite?
True
Is 31338562321 prime?
False
Is 255417727 a prime number?
False
Is 1024083971 prime?
True
Is 5040811621 a prime number?
False
Is 3486619943 composite?
False
Is 9148528751 a composite number?
False
Is 14211010271 composite?
True
Is 3146752121 composite?
False
Is 5050206019 composite?
False
Is 864874883 composite?
True
Is 12113276689 a prime number?
True
Is 202154321 composite?
False
Is 1094551361 prime?
True
Is 2165174799 composite?
True
Is 14088087193 a prime number?
True
Is 539035547 composite?
False
Is 195565901 prime?
False
Is 161118803 a composite number?
True
Is 5413135541 a composite number?
True
Is 32011824059 a composite number?
True
Is 1998075847 a composite number?
False
Is 1015165717 a composite number?
True
Is 2069416357 a prime number?
True
Is 14809393943 a prime number?
False
Is 29643875381 a composite number?
True
Is 1809163331 prime?
False
Is 14430571691 a composite number?
False
Is 6462381011 prime?
True
Is 412985281701 prime?
False
Is 657641003 a prime number?
False
Is 689673251 a composite number?
False
Is 2824416313 prime?
False
Is 4994603261 a composite number?
False
Is 2135565631 a prime number?
False
Is 3703860611 a composite number?
True
Is 4175131939 prime?
False
Is 29595902181 prime?
False
Is 33855293183 a composite number?
True
Is 101785241 a composite number?
False
Is 560811791 composite?
False
Is 27820869607 composite?
False
Is 32545655003 prime?
False
Is 73394527 a composite number?
True
Is 1290027953 composite?
False
Is 872125103 composite?
False
Is 31311681361 prime?
False
Is 122055179 a prime number?
True
Is 177837923 prime?
False
Is 45442709657 composite?
False
Is 915751754 a prime number?
False
Is 18669853 a composite number?
False
Is 512934085 composite?
True
Is 27937803331 a composite number?
True
Is 436088785729 composite?
False
Is 2185317907 prime?
True
Is 1027178659 a composite number?
True
Is 245410523 composite?
False
Is 2163723433 prime?
False
Is 43403012347 prime?
False
Is 53655083429 a prime number?
True
Is 8029127222 a composite number?
True
Is 8355948301 a prime number?
True
Is 1434435199 a composite number?
True
Is 54436908413 prime?
True
Is 812588633 prime?
False
Is 425797602235 composite?
True
Is 65581650763 prime?
False
Is 1102309829 prime?
True
Is 275282017 a composite number?
False
Is 295713329983 prime?
True
Is 5925412954 prime?
False
Is 18338265073 a composite number?
False
Is 47514620255 a prime number?
False
Is 32070733187 a composite number?
False
Is 42548148869 a composite number?
False
Is 2854921921 a prime number?
False
Is 9634684561 composite?
True
Is 1559747957 prime?
True
Is 22528473653 composite?
True
Is 10506229991 composite?
True
Is 18894390238 a prime number?
False
Is 744272297 prime?
False
Is 2154953679 a prime number?
False
Is 1776778879 a prime number?
False
Is 70588469767 a composite number?
False
Is 529365929 a composite number?
False
Is 395843545 composite?
True
Is 35295489521 a prime number?
False
Is 2015735989 a prime number?
True
Is 13197093355 a composite number?
True
Is 1766871391 a composite number?
False
Is 585459967 composite?
True
Is 47741812549 a composite number?
True
Is 8486816671 prime?
True
Is 23419280123 composite?
True
Is 306766991 a prime number?
True
Is 604948457 a prime number?
True
Is 147498469 a prime number?
True
Is 2243044579 a composite number?
False
Is 12379954607 a prime number?
True
Is 472967791503 prime?
False
Is 72888451061 a prime number?
True
Is 62489856389 prime?
False
Is 2849497127 a composite number?
True
Is 29485815311 prime?
True
Is 1334968973 a prime number?
False
Is 2870109679 prime?
True
Is 1211203141 prime?
True
Is 26507491541 composite?
True
Is 1186809919 prime?
True
Is 7298566161 prime?
False
Is 140403427 a composite number?
False
Is 4490302519 composite?
False
Is 21546489647 a prime number?
True
Is 9377000507 composite?
True
Is 3960676627 a prime number?
True
Is 54558750934 a composite number?
True
Is 911663079 a composite number?
True
Is 77174579 composite?
False
Is 271022422159 a prime number?
True
Is 480833911 a composite number?
True
Is 1036303361 composite?
False
Is 2463964873 composite?
True
Is 37579801411 prime?
True
Is 448428870887 a composite number?
True
Is 10062308657 prime?
True
Is 19254472873 a composite number?
True
Is 2361753139 a prime number?
True
Is 2711586931 a composite number?
True
Is 424341023 a prime number?
True
Is 13318272683 composite?
False
Is 306154861 composite?
True
Is 4146267007 a prime number?
False
Is 627902053 composite?
False
Is 17719314593 a prime number?
True
Is 80890553 a composite number?
False
Is 1683381041 composite?
False
Is 1691819593 composite?
False
Is 4076022059 a composite number?
False
Is 99822052867 a prime number?
True
Is 65186543739 a prime number?
False
Is 7352969933 prime?
True
Is 698664931 a prime number?
True
Is 596634803 prime?
False
Is 312734971 a composite number?
True
Is 3534800923 a prime number?
False
Is 884047715 a composite number?
True
Is 10969376437 a prime number?
True
Is 265